{"id":286,"date":"2016-10-31T13:17:59","date_gmt":"2016-10-31T16:17:59","guid":{"rendered":"https:\/\/iesl-tuc.infd.edu.ar\/sitio\/?page_id=286"},"modified":"2020-09-09T20:30:25","modified_gmt":"2020-09-09T23:30:25","slug":"inicio","status":"publish","type":"page","link":"https:\/\/iesl-tuc.infd.edu.ar\/sitio\/","title":{"rendered":"Inicio"},"content":{"rendered":"<p>&nbsp;<\/p>\n<table id=\"table1\" style=\"width: 100%; text-align: center;\" border=\"1\" cellspacing=\"0\" cellpadding=\"10\">\n<tbody>\n<tr>\n<td style=\"border: 1px solid;\">\n<h1 style=\"text-align: center;\"><span style=\"color: #808080; font-size: 24pt;\"><span style=\"font-size: 19px;\"><span style=\"font-size: 18pt;\"><span style=\"font-size: 14pt;\"><span style=\"font-family: verdana, geneva;\">I<\/span><\/span><\/span><span style=\"font-size: 18pt;\"><span style=\"font-size: 14pt;\"><span style=\"font-family: verdana, geneva;\">NSTITUTO DE ENSE\u00d1ANZA SUPERIOR <\/span><\/span><\/span><\/span><\/span><\/h1>\n<div style=\"text-align: center;\">\n<h1><span style=\"color: #808080; font-size: 24pt;\"><span style=\"font-size: 24pt;\"><span style=\"font-size: 19px;\"><span style=\"font-size: 18pt;\"><span style=\"font-size: 24pt;\"><span style=\"font-family: verdana, geneva;\">LA MADRID<\/span><\/span><\/span><\/span><\/span><\/span><\/h1>\n<\/div>\n<p><img decoding=\"async\" loading=\"lazy\" class=\"aligncenter\" title=\"logoieslamadrid\" src=\"https:\/\/iesl-tuc.infd.edu.ar\/sitio\/wp-content\/uploads\/2018\/08\/VARIIOS_2_logo_ies_la_madrid_1.jpg\" alt=\"logoieslamadrid\" width=\"160\" height=\"167\" border=\"0\" \/><\/p>\n<p>&nbsp;<\/p>\n<div style=\"text-align: center;\">\n<h1><span style=\"color: #808080;\">Re Inscripci\u00f3n para alumnos de 2do, 3er y\u00a04to a\u00f1o de Profesorados, y recursantes.<\/span><\/h1>\n<\/div>\n<h2><\/h2>\n<ul>\n<li style=\"text-align: left;\">Los enlaces definitivos son los que se encuentran publicados en la p\u00e1gina oficial del Instituto. Aquellos que hayan recibido links de otras fuentes recuerden<br \/>\nque los mismos no son los correctos.<\/li>\n<li style=\"text-align: left;\">Ingresar al formulario correspondiente a tu carrera y completarlo solamente una vez. Consignar bien el correo electr\u00f3nico, all\u00ed les llegar\u00e1 el comprobante de re inscripci\u00f3n.<\/li>\n<li style=\"text-align: left;\">Recordar\u00a0que deben respetar el sistema de correlatividades, los requerimientos del R\u00e9gimen de Pr\u00e1ctica, y para las materias promocionales, tener aprobada\/s la\/s correlativas.<\/li>\n<\/ul>\n<h3><span style=\"color: #008000;\">CARRERAS<\/span><\/h3>\n<h3 style=\"text-align: left;\"><a href=\"https:\/\/forms.gle\/yHzsQeoXeBikKaBu8\"><span style=\"color: #333399;\">PROFESOR DE EDUCACI\u00d3N SECUNDARIA EN GEOGRAF\u00cdA (1419\/5)<\/span><\/a><\/h3>\n<h3 style=\"text-align: left;\"><span style=\"color: #333399;\"><a style=\"color: #333399;\" href=\"https:\/\/forms.gle\/Qtr3ScQamL6nC7zd7\">PROFESOR DE INGLES (1424\/5)<\/a><\/span><\/h3>\n<hr \/>\n<p style=\"text-align: center;\"><img decoding=\"async\" loading=\"lazy\" title=\"IES\" src=\"https:\/\/iesl-tuc.infd.edu.ar\/sitio\/wp-content\/uploads\/2018\/08\/escuela1-1.jpg\" alt=\"IES\" width=\"435\" height=\"272\" border=\"0\" \/><\/p>\n<p>\u00a0\u00a0 \u00a0 \u00a0 \u00a0 \u00a0 \u00a0 \u00a0 \u00a0 \u00a0 \u00a0 \u00a0 \u00a0 \u00a0 \u00a0 \u00a0\u00a0<img decoding=\"async\" style=\"display: block; margin-left: auto; margin-right: auto;\" title=\"MAPA\" src=\"https:\/\/iesl-tuc.infd.edu.ar\/sitio\/wp-content\/uploads\/2018\/08\/ubicacion1.gif\" alt=\"MAPA\" border=\"0\" \/><\/p>\n<p><iframe loading=\"lazy\" style=\"border: 0;\" src=\"https:\/\/www.google.com\/maps\/embed?pb=!1m23!1m12!1m3!1d226196.98201201402!2d-65.24954220000001!3d-27.645326799999996!2m3!1f0!2f0!3f0!3m2!1i1024!2i768!4f13.1!4m8!3e6!4m0!4m5!1s0x9423852c4413be4b%3A0x1fe34d6bfbcd2c55!2sLa+Madrid%2C+Tucum%C3%A1n!3m2!1d-27.6454411!2d-65.2495422!5e0!3m2!1ses-419!2sar!4v1437356457738&amp;wmode=transparent\" width=\"438\" height=\"328\" frameborder=\"0\"><\/iframe><\/p>\n<p style=\"text-align: justify;\"><span style=\"color: #008080;\"><span style=\"font-family: arial,helvetica,sans-serif;\"><span style=\"color: #050505;\"><span style=\"font-size: 14pt;\"><span style=\"font-size: 12pt;\"><strong><span style=\"font-size: 18pt;\">*<\/span> <span style=\"font-size: 10pt;\"><span style=\"font-family: verdana, geneva;\">El IES La Madrid, es una<\/span><span style=\"font-family: verdana, geneva;\">\u00a0 I<\/span><span style=\"font-family: verdana, geneva;\">nstituci\u00f3n de Formaci\u00f3n Docente y est\u00e1 dentro del sistema de educaci\u00f3n p\u00fablica de gesti\u00f3n estatal. <\/span><\/span><\/strong><\/span><\/span><\/span><\/span><\/span><\/p>\n<p style=\"text-align: justify;\"><span style=\"color: #008080;\"><span style=\"font-family: arial,helvetica,sans-serif;\"><span style=\"color: #050505;\"><span style=\"font-size: 14pt;\"><span style=\"font-size: 12pt;\"><strong><span style=\"font-size: 10pt;\"><span style=\"font-family: verdana, geneva;\">Es la\u00a0\u00fanica Institucion de Formacion Docente Publica y gratuita, acreditada en el Departamento Graneros-Pcia de Tucuman y la de mayor prestigio y tradici\u00f3n en el medio.<\/span><\/span><\/strong><\/span><\/span><\/span><\/span><\/span><\/p>\n<p style=\"text-align: justify;\"><span style=\"font-size: 14pt; font-family: Verdana;\"><span style=\"color: #050505;\"><span style=\"font-size: 18pt;\"><strong>*<\/strong> <img decoding=\"async\" src=\"https:\/\/iesl-tuc.infd.edu.ar\/sitio\/wp-content\/uploads\/2018\/08\/la_red.jpg\" alt=\"Red virtual\" border=\"0\" hspace=\"10\" \/><\/span><span style=\"font-size: 10pt; font-family: Arial; mso-fareast-font-family: 'Times New Roman'; mso-ansi-language: ES-AR; mso-fareast-language: ES-AR; mso-bidi-language: AR-SA;\"><strong><span style=\"font-family: verdana, geneva;\">Mediante este sitio de Internet, nuestra instituci\u00f3n podr\u00e1 poner en contacto toda una comunidad escolar de sus novedades, el gran salto est\u00e1 a un clic, el objetivo es compartir experiencias y brindar todo el apoyo y asesoramiento a alumnos, docentes e interesados en formar parte\u00a0<\/span><span style=\"font-family: verdana, geneva;\">\u00a0<\/span><span style=\"font-family: verdana, geneva;\">de este desaf\u00edo en nuestro \u00e1mbito escolar.<\/span><\/strong><\/span><\/span><\/span><\/p>\n<p style=\"text-align: justify;\"><span style=\"font-size: 14pt; color: black; font-family: Verdana;\"><span style=\"font-size: 10pt; font-family: Arial; mso-fareast-font-family: 'Times New Roman'; mso-ansi-language: ES-AR; mso-fareast-language: ES-AR; mso-bidi-language: AR-SA;\"><strong><span style=\"font-size: 18pt;\"><span style=\"font-size: 14pt; color: black; font-family: Verdana;\"><span style=\"font-size: 18pt;\"><strong><strong style=\"mso-bidi-font-weight: normal;\"><span style=\"font-size: 10pt; font-family: Arial;\"><span style=\"color: #050505;\"><span style=\"font-size: 14pt; font-family: Verdana;\"><span style=\"font-size: 18pt;\"><strong><span style=\"font-family: verdana, geneva;\">* <\/span><\/strong><\/span><\/span><span style=\"font-family: verdana, geneva;\">El INFD (Instituto Nacional de Formaci\u00f3n Docente) dependiente del Ministerio de Educaci\u00f3n de la Naci\u00f3n Argentina, coordinar\u00e1 Junto con varios cientos de Institutos, <\/span><span style=\"color: #ff0000;\"><span style=\"font-family: verdana, geneva;\">la <\/span><em><span style=\"font-family: verdana, geneva;\">Red\u00a0Virtual de Institutos Superiores de Formaci\u00f3n Docente<\/span><\/em><span style=\"font-family: verdana, geneva;\">\u00a0<\/span><\/span><span style=\"font-family: verdana, geneva;\">y nuestro IES es parte de este avance.<\/span><\/span><\/span><\/strong><\/strong><\/span><\/span><\/span><\/strong><\/span><\/span><\/p>\n<p class=\"MsoNormal\" style=\"margin: 0cm 0cm 0pt;\"><strong style=\"mso-bidi-font-weight: normal;\"><span style=\"font-size: 10pt; color: black;\"><span style=\"font-family: verdana, geneva;\">\u00a0<\/span><\/span><\/strong><\/p>\n<p><span style=\"font-family: verdana, geneva;\">\u00a0<\/span><\/p>\n<p><span style=\"font-family: verdana, geneva;\">\u00a0\u00a0\u00a0\u00a0\u00a0\u00a0\u00a0\u00a0\u00a0\u00a0\u00a0\u00a0\u00a0\u00a0\u00a0\u00a0\u00a0\u00a0\u00a0\u00a0\u00a0\u00a0\u00a0\u00a0\u00a0\u00a0\u00a0\u00a0\u00a0\u00a0\u00a0\u00a0\u00a0\u00a0\u00a0\u00a0\u00a0\u00a0\u00a0\u00a0\u00a0\u00a0\u00a0\u00a0\u00a0\u00a0\u00a0\u00a0\u00a0\u00a0\u00a0\u00a0\u00a0\u00a0\u00a0\u00a0\u00a0\u00a0\u00a0\u00a0\u00a0\u00a0\u00a0<\/span><\/td>\n<\/tr>\n<\/tbody>\n<\/table>\n","protected":false},"excerpt":{"rendered":"<p>&nbsp; INSTITUTO DE ENSE\u00d1ANZA SUPERIOR LA MADRID &nbsp; Re Inscripci\u00f3n para alumnos de 2do, 3er y\u00a04to a\u00f1o de Profesorados, y recursantes. Los enlaces definitivos son los que se encuentran publicados en la p\u00e1gina oficial del Instituto. Aquellos que hayan recibido links de otras fuentes recuerden que los mismos no son los correctos. Ingresar al formulario &#8230; <a title=\"Inicio\" class=\"read-more\" href=\"https:\/\/iesl-tuc.infd.edu.ar\/sitio\/\" aria-label=\"More on Inicio\">[+]<\/a><\/p>\n","protected":false},"author":1,"featured_media":0,"parent":0,"menu_order":0,"comment_status":"closed","ping_status":"closed","template":"","meta":[],"acf":[],"_links":{"self":[{"href":"https:\/\/iesl-tuc.infd.edu.ar\/sitio\/wp-json\/wp\/v2\/pages\/286"}],"collection":[{"href":"https:\/\/iesl-tuc.infd.edu.ar\/sitio\/wp-json\/wp\/v2\/pages"}],"about":[{"href":"https:\/\/iesl-tuc.infd.edu.ar\/sitio\/wp-json\/wp\/v2\/types\/page"}],"author":[{"embeddable":true,"href":"https:\/\/iesl-tuc.infd.edu.ar\/sitio\/wp-json\/wp\/v2\/users\/1"}],"replies":[{"embeddable":true,"href":"https:\/\/iesl-tuc.infd.edu.ar\/sitio\/wp-json\/wp\/v2\/comments?post=286"}],"version-history":[{"count":88,"href":"https:\/\/iesl-tuc.infd.edu.ar\/sitio\/wp-json\/wp\/v2\/pages\/286\/revisions"}],"predecessor-version":[{"id":912,"href":"https:\/\/iesl-tuc.infd.edu.ar\/sitio\/wp-json\/wp\/v2\/pages\/286\/revisions\/912"}],"wp:attachment":[{"href":"https:\/\/iesl-tuc.infd.edu.ar\/sitio\/wp-json\/wp\/v2\/media?parent=286"}],"curies":[{"name":"wp","href":"https:\/\/api.w.org\/{rel}","templated":true}]}}